 18468855 is divided by 7705.
7675
Calculate the remainder when 1256538 is divided by 668.
30
Calculate the remainder when 4233512 is divided by 235195.
2
What is the remainder when 10045378 is divided by 1631?
49
Calculate the remainder when 4098107 is divided by 21915.
2
Calculate the remainder when 422504 is divided by 335.
69
What is the remainder when 4190490 is divided by 1312?
1274
Calculate the remainder when 863702 is divided by 2117.
2083
What is the remainder when 226994 is divided by 2110?
1224
What is the remainder when 166177 is divided by 55248?
433
Calculate the remainder when 129032262 is divided by 373.
372
Calculate the remainder when 30454218 is divided by 223928.
10
What is the remainder when 6034499 is divided by 180?
179
Calculate the remainder when 1898691 is divided by 5378.
257
Calculate the remainder when 346081 is divided by 69205.
56
What is the remainder when 30784117 is divided by 2198865?
7
Calculate the remainder when 11654139 is divided by 913.
607
Calculate the remainder when 132363 is divided by 212.
75
Calculate the remainder when 121572 is divided by 3712.
2788
Calculate the remainder when 1124007 is divided by 281.
7
Calculate the remainder when 25378 is divided by 2484.
538
What is the remainder when 351379 is divided by 1319?
525
Calculate the remainder when 2181193 is divided by 29877.
172
Calculate the remainder when 126709 is divided by 1418.
507
Calculate the remainder when 243927 is divided by 81273.
108
What is the remainder when 13618933 is divided by 3057?
3055
What is the remainder when 14216067 is divided by 258?
9
Calculate the remainder when 508779 is divided by 1913.
1834
Calculate the remainder when 9030463 is divided by 349.
88
Calculate the remainder when 2810550 is divided by 1404697.
1156
What is the remainder when 12506484 is divided by 22214?
2
Calculate the remainder when 65131 is divided by 6511.
21
Calculate the remainder when 2064296 is divided by 8975.
46
Calculate the remainder when 1048986 is divided by 3141.
3033
Calculate the remainder when 204151 is divided by 246.
217
Calculate the remainder when 1193439 is divided by 1083.
1056
Calculate the remainder when 2230809 is divided by 24.
9
What is the remainder when 130373 is divided by 243?
125
Calculate the remainder when 1653946 is divided by 4074.
3976
Calculate the remainder when 138366 is divided by 216.
126
Calculate the remainder when 44828 is divided by 8964.
8
What is the remainder when 80268 is divided by 40118?
32
Calculate the remainder when 1297051 is divided by 31634.
57
Calculate the remainder when 102963 is divided by 933.
333
What is the remainder when 27937610 is divided by 219?
218
What is the remainder when 994654 is divided by 712?
702
What is the remainder when 8052835 is divided by 127?
19
What is the remainder when 12343 is divided by 2709?
1507
What is the remainder when 26264163 is divided by 13867?
65
Calculate the remainder when 20913281 is divided by 1146.
1073
What is the remainder when 747853 is divided by 610?
603
Calculate the remainder when 9606585 is divided by 1372366.
23
Calculate the remainder when 43087726 is divided by 12.
10
Calculate the remainder when 255571547 is divided by 4029.
4019
What is the remainder when 3775180 is divided by 2?
0
Calculate the remainder when 2521148 is divided by 420109.
494
Calculate the remainder when 207659 is divided by 1166.
111
Calculate the remainder when 6377710 is divided by 188.
186
What is the remainder when 102439 is divided by 2847?
2794
What is the remainder when 36174840 is divided by 512?
504
What is the remainder when 455399 is divided by 3645?
3419
Calculate the remainder when 219986 is divided by 2042.
1492
What is the remainder when 260673 is divided by 8159?
7744
Calculate the remainder when 1777451 is divided by 5589.
149
What is the remainder when 14846439 is divided by 6?
3
What is the remainder when 550274615 is divided by 927?
926
What is the remainder when 83876049 is divided by 19980?
9
Calculate the remainder when 37640922 is divided by 525.
522
What is the remainder when 3158627 is divided by 642?
629
Calculate the remainder when 1685079 is divided by 2060.
2059
What is the remainder when 61042 is divided by 14258?
4010
What is the remainder when 791519 is divided by 2072?
15
What is the remainder when 7758616 is divided by 102087?
4
What is the remainder when 27335 is divided by 156?
35
What is the remainder when 507290 is divided by 71?
66
What is the remainder when 165218186 is divided by 16163?
0
Calculate the remainder when 176548493 is divided by 88274213.
67
What is the remainder when 4568420 is divided by 56?
52
What is the remainder when 154140957 is divided by 1460?
1457
Calculate the remainder when 102156 is divided by 50396.
1364
Calculate the remainder when 14442145 is divided by 372.
361
Calculate the remainder when 81796083 is divided by 415.
413
Calculate the remainder when 374494 is divided by 500.
494
Calculate the remainder when 2207142 is divided by 157653.
0
What is the remainder when 6937489 is divided by 4865?
4864
Calculate the remainder when 55551 is divided by 52889.
2662
Calculate the remainder when 97563 is divided by 31546.
2925
What is the remainder when 858572 is divided by 50?
22
Calculate the remainder when 1836431 is divided by 351.
350
What is the remainder when 1163534 is divided by 145437?
38
What is the remainder when 174249 is divided by 608?
361
What is the remainder when 10160584 is divided by 1280?
1224
Calculate the remainder when 3335816 is divided by 1111937.
5
Calculate the remainder when 25336 is divided by 25196.
140
Calculate the remainder when 151309022 is divided by 18.
14
What is the remainder when 843497624 is divided by 29?
28
Calculate the remainder when 505362 is divided by 504875.
487
Calculate the remainder when 6847317 is divided by 516.
513
What is the remainder when 526162 is divided by 43846?
10
What is the remainder when 251124 is divided by 125429?
266
Calculate the remainder when 36286 is divided by 11404.
2074
What is the remainder when 24139151 is divided by 410?
401
What is the remainder when 64915284 is divided by 3550?
3534
What is the remainder when 43429 is divided by 43172?
257
Calculate the remainder when 26617 is divided by 12994.
629
Calculate the remainder when 3520290 is divided by 6642.
30
What is the remainder when 2317397 is divided by 996?
701
What is the remainder when 63563774 is divided by 5778?
5774
What is the remainder when 2032164 is divided by 520?
4
What is the remainder when 2112820 is divided by 2151?
538
What is the remainder when 252599638 is divided by 30?
28
What is the remainder when 120410 is divided by 1164?
518
What is the remainder when 982666 is divided by 56?
34
What is the remainder when 2010046 is divided by 180?
166
What is the remainder when 9138938 is divided by 1142367?
2
What is the remainder when 70573317 is divided by 564?
561
What is the remainder when 55170923 is divided by 133?
129
Calculate the remainder when 1440328874 is divided by 921.
920
What is the remainder when 12464178 is divided by 597?
12
Calculate the remainder when 4379827 is divided by 1595.
1552
Calculate the remainder when 5816 is divided by 1896.
128
What is the remainder when 1836735 is divided by 1836605?
130
What is the remainder when 755134793 is divided by 227?
225
Calculate the remainder when 177773 is divided by 1065.
983
Calculate the remainder when 241853317 is divided by 1413.
1411
What is the remainder when 436375 is divided by 54508?
311
What is the remainder when 2167204 is divided by 154?
116
Calculate the remainder when 900717149 is divided by 75.
74
What is the remainder when 6649657 is divided by 37?
17
Calculate the remainder when 5466684 is divided by 145.
39
Calculate the remainder when 6370716 is divided by 4790.
16
What is the remainder when 11647664 is divided by 48?
32
Calculate the remainder when 608783 is divided by 66.
65
What is the remainder when 13217877 is divided by 36213?
132
What is the remainder when 55312375 is divided by 6806?
13
What is the remainder when 3757399 is divided by 43?
16
What is the remainder when 56129383 is divided by 689?
687
Calculate the remainder when 115643 is divided by 3490.
473
Calcu